{"id":3876,"date":"2014-11-20T16:35:04","date_gmt":"2014-11-20T15:35:04","guid":{"rendered":"https:\/\/haus.oekozenter.lu\/events-und-tourismus\/"},"modified":"2026-02-24T14:25:59","modified_gmt":"2026-02-24T13:25:59","slug":"evenements-et-tourisme","status":"publish","type":"page","link":"https:\/\/haus.oekozenter.lu\/fr\/evenements-et-tourisme\/","title":{"rendered":"\u00c9v\u00e9nements et tourisme"},"content":{"rendered":"<div class=\"pf-content\"><p><strong>\u00c0 partir du 1er janvier 2026, l\u2019Oekozenter Pafendall n\u2019est plus responsable des projets Green Events, Green Business Events et EcoLabel.<\/strong><\/p>\n<p><strong>Vous trouverez ci-dessous les nouveaux contacts selon les projets concern\u00e9s :<\/strong><\/p>\n<p>&nbsp;<\/p>\n<p><span style=\"color: #3a910f\"><strong>Green Events<\/strong><\/span><\/p>\n<p>La gestion du projet est d\u00e9sormais assur\u00e9e par l\u2019\u00cbmweltberodung L\u00ebtzebuerg et la SuperDrecksK\u00ebscht.<\/p>\n<p>Pour toute nouvelle demande ou le suivi de votre dossier, veuillez contacter :<\/p>\n<p>SuperDrecksK\u00ebscht (SDK)<\/p>\n<ul>\n<li>Romaine Stracks : <a href=\"mailto:romaine.stracks@sdk.lu\" target=\"_blank\" rel=\"noopener\">romaine.stracks@sdk.lu<\/a><\/li>\n<li>Christophe Albrecht : <a href=\"mailto:christophe.albrecht@sdk.lu\" target=\"_blank\" rel=\"noopener\">christophe.albrecht@sdk.lu<\/a><\/li>\n<\/ul>\n<p>\u00cbmweltberodung L\u00ebtzebuerg (EBL)<\/p>\n<ul>\n<li><a href=\"mailto:info@ebl.lu\" target=\"_blank\" rel=\"noopener\">info@ebl.lu<\/a><\/li>\n<\/ul>\n<p>&nbsp;<\/p>\n<p><span style=\"color: #3a910f\"><strong>Green Business Events &amp; EcoLabel Luxembourg<\/strong><\/span><\/p>\n<p>La coordination de ces projets est d\u00e9sormais assur\u00e9e par IMS Luxembourg.<\/p>\n<p>Green Business Events<\/p>\n<ul>\n<li>Yannick Kieffer : <a href=\"mailto:yannick.kieffer@imslux.lu\" target=\"_blank\" rel=\"noopener\">yannick.kieffer@imslux.lu<\/a><\/li>\n<\/ul>\n<p>EcoLabel Luxembourg<\/p>\n<ul>\n<li>Lisa Lorang : <a href=\"mailto:lisa.lorang@imslux.lu\" target=\"_blank\" rel=\"noopener\">lisa.lorang@imslux.lu<\/a><\/li>\n<\/ul>\n<p><strong>\u00a0<\/strong><\/p>\n<p>Nous vous remercions pour votre engagement ainsi que pour l\u2019excellente collaboration de ces derni\u00e8res ann\u00e9es.<\/p>\n<\/div>","protected":false},"excerpt":{"rendered":"<p>\u00c0 partir du 1er janvier 2026, l\u2019Oekozenter Pafendall n\u2019est plus responsable des projets Green Events, Green Business Events et EcoLabel. Vous trouverez ci-dessous les nouveaux contacts selon les projets concern\u00e9s : &nbsp; Green Events La gestion du projet est d\u00e9sormais assur\u00e9e par l\u2019\u00cbmweltberodung L\u00ebtzebuerg et la SuperDrecksK\u00ebscht. Pour toute nouvelle demande ou le suivi de [&hellip;]<\/p>\n","protected":false},"author":1,"featured_media":5393,"parent":0,"menu_order":2,"comment_status":"closed","ping_status":"closed","template":"template-services.php","meta":{"_acf_changed":false,"footnotes":""},"class_list":["post-3876","page","type-page","status-publish","has-post-thumbnail","hentry"],"acf":[],"yoast_head":"<!-- This site is optimized with the Yoast SEO plugin v27.2 - https:\/\/yoast.com\/product\/yoast-seo-wordpress\/ -->\n<title>Nos projets dans le secteur de l&#039;\u00e9v\u00e9nementiel et du tourisme<\/title>\n<meta name=\"description\" content=\"L\u2019\u00e9coresponsabilit\u00e9 prend davantage d&#039;importance dans le domaine de l&#039;\u00e9v\u00e9nementiel et du tourisme.\" \/>\n<meta name=\"robots\" content=\"index, follow, max-snippet:-1, max-image-preview:large, max-video-preview:-1\" \/>\n<link rel=\"canonical\" href=\"https:\/\/haus.oekozenter.lu\/events-und-tourismus\/\" \/>\n<meta property=\"og:locale\" content=\"fr_FR\" \/>\n<meta property=\"og:type\" content=\"article\" \/>\n<meta property=\"og:title\" content=\"Nos projets dans le secteur de l&#039;\u00e9v\u00e9nementiel et du tourisme\" \/>\n<meta property=\"og:description\" content=\"L\u2019\u00e9coresponsabilit\u00e9 prend davantage d&#039;importance dans le domaine de l&#039;\u00e9v\u00e9nementiel et du tourisme.\" \/>\n<meta property=\"og:url\" content=\"https:\/\/haus.oekozenter.lu\/events-und-tourismus\/\" \/>\n<meta property=\"og:site_name\" content=\"Haus\" \/>\n<meta property=\"article:modified_time\" content=\"2026-02-24T13:25:59+00:00\" \/>\n<meta property=\"og:image\" content=\"https:\/\/haus.oekozenter.lu\/wp-content\/uploads\/sites\/13\/2022\/03\/Green-events-slider1.jpg\" \/>\n\t<meta property=\"og:image:width\" content=\"950\" \/>\n\t<meta property=\"og:image:height\" content=\"346\" \/>\n\t<meta property=\"og:image:type\" content=\"image\/jpeg\" \/>\n<meta name=\"twitter:card\" content=\"summary_large_image\" \/>\n<meta name=\"twitter:label1\" content=\"Dur\u00e9e de lecture estim\u00e9e\" \/>\n\t<meta name=\"twitter:data1\" content=\"1 minute\" \/>\n<script type=\"application\/ld+json\" class=\"yoast-schema-graph\">{\"@context\":\"https:\/\/schema.org\",\"@graph\":[{\"@type\":\"WebPage\",\"@id\":\"https:\/\/haus.oekozenter.lu\/events-und-tourismus\/\",\"url\":\"https:\/\/haus.oekozenter.lu\/events-und-tourismus\/\",\"name\":\"Nos projets dans le secteur de l'\u00e9v\u00e9nementiel et du tourisme\",\"isPartOf\":{\"@id\":\"https:\/\/haus.oekozenter.lu\/#website\"},\"primaryImageOfPage\":{\"@id\":\"https:\/\/haus.oekozenter.lu\/events-und-tourismus\/#primaryimage\"},\"image\":{\"@id\":\"https:\/\/haus.oekozenter.lu\/events-und-tourismus\/#primaryimage\"},\"thumbnailUrl\":\"https:\/\/haus.oekozenter.lu\/wp-content\/uploads\/sites\/13\/2022\/03\/Green-events-slider1.jpg\",\"datePublished\":\"2014-11-20T15:35:04+00:00\",\"dateModified\":\"2026-02-24T13:25:59+00:00\",\"description\":\"L\u2019\u00e9coresponsabilit\u00e9 prend davantage d'importance dans le domaine de l'\u00e9v\u00e9nementiel et du tourisme.\",\"breadcrumb\":{\"@id\":\"https:\/\/haus.oekozenter.lu\/events-und-tourismus\/#breadcrumb\"},\"inLanguage\":\"fr-FR\",\"potentialAction\":[{\"@type\":\"ReadAction\",\"target\":[\"https:\/\/haus.oekozenter.lu\/events-und-tourismus\/\"]}]},{\"@type\":\"ImageObject\",\"inLanguage\":\"fr-FR\",\"@id\":\"https:\/\/haus.oekozenter.lu\/events-und-tourismus\/#primaryimage\",\"url\":\"https:\/\/haus.oekozenter.lu\/wp-content\/uploads\/sites\/13\/2022\/03\/Green-events-slider1.jpg\",\"contentUrl\":\"https:\/\/haus.oekozenter.lu\/wp-content\/uploads\/sites\/13\/2022\/03\/Green-events-slider1.jpg\",\"width\":950,\"height\":346},{\"@type\":\"BreadcrumbList\",\"@id\":\"https:\/\/haus.oekozenter.lu\/events-und-tourismus\/#breadcrumb\",\"itemListElement\":[{\"@type\":\"ListItem\",\"position\":1,\"name\":\"Home\",\"item\":\"https:\/\/haus.oekozenter.lu\/fr\/\"},{\"@type\":\"ListItem\",\"position\":2,\"name\":\"\u00c9v\u00e9nements et tourisme\"}]},{\"@type\":\"WebSite\",\"@id\":\"https:\/\/haus.oekozenter.lu\/#website\",\"url\":\"https:\/\/haus.oekozenter.lu\/\",\"name\":\"Haus\",\"description\":\"Un site utilisant Mouvement \u00e9cologique Global\",\"potentialAction\":[{\"@type\":\"SearchAction\",\"target\":{\"@type\":\"EntryPoint\",\"urlTemplate\":\"https:\/\/haus.oekozenter.lu\/?s={search_term_string}\"},\"query-input\":{\"@type\":\"PropertyValueSpecification\",\"valueRequired\":true,\"valueName\":\"search_term_string\"}}],\"inLanguage\":\"fr-FR\"}]}<\/script>\n<!-- \/ Yoast SEO plugin. -->","yoast_head_json":{"title":"Nos projets dans le secteur de l'\u00e9v\u00e9nementiel et du tourisme","description":"L\u2019\u00e9coresponsabilit\u00e9 prend davantage d'importance dans le domaine de l'\u00e9v\u00e9nementiel et du tourisme.","robots":{"index":"index","follow":"follow","max-snippet":"max-snippet:-1","max-image-preview":"max-image-preview:large","max-video-preview":"max-video-preview:-1"},"canonical":"https:\/\/haus.oekozenter.lu\/events-und-tourismus\/","og_locale":"fr_FR","og_type":"article","og_title":"Nos projets dans le secteur de l'\u00e9v\u00e9nementiel et du tourisme","og_description":"L\u2019\u00e9coresponsabilit\u00e9 prend davantage d'importance dans le domaine de l'\u00e9v\u00e9nementiel et du tourisme.","og_url":"https:\/\/haus.oekozenter.lu\/events-und-tourismus\/","og_site_name":"Haus","article_modified_time":"2026-02-24T13:25:59+00:00","og_image":[{"width":950,"height":346,"url":"https:\/\/haus.oekozenter.lu\/wp-content\/uploads\/sites\/13\/2022\/03\/Green-events-slider1.jpg","type":"image\/jpeg"}],"twitter_card":"summary_large_image","twitter_misc":{"Dur\u00e9e de lecture estim\u00e9e":"1 minute"},"schema":{"@context":"https:\/\/schema.org","@graph":[{"@type":"WebPage","@id":"https:\/\/haus.oekozenter.lu\/events-und-tourismus\/","url":"https:\/\/haus.oekozenter.lu\/events-und-tourismus\/","name":"Nos projets dans le secteur de l'\u00e9v\u00e9nementiel et du tourisme","isPartOf":{"@id":"https:\/\/haus.oekozenter.lu\/#website"},"primaryImageOfPage":{"@id":"https:\/\/haus.oekozenter.lu\/events-und-tourismus\/#primaryimage"},"image":{"@id":"https:\/\/haus.oekozenter.lu\/events-und-tourismus\/#primaryimage"},"thumbnailUrl":"https:\/\/haus.oekozenter.lu\/wp-content\/uploads\/sites\/13\/2022\/03\/Green-events-slider1.jpg","datePublished":"2014-11-20T15:35:04+00:00","dateModified":"2026-02-24T13:25:59+00:00","description":"L\u2019\u00e9coresponsabilit\u00e9 prend davantage d'importance dans le domaine de l'\u00e9v\u00e9nementiel et du tourisme.","breadcrumb":{"@id":"https:\/\/haus.oekozenter.lu\/events-und-tourismus\/#breadcrumb"},"inLanguage":"fr-FR","potentialAction":[{"@type":"ReadAction","target":["https:\/\/haus.oekozenter.lu\/events-und-tourismus\/"]}]},{"@type":"ImageObject","inLanguage":"fr-FR","@id":"https:\/\/haus.oekozenter.lu\/events-und-tourismus\/#primaryimage","url":"https:\/\/haus.oekozenter.lu\/wp-content\/uploads\/sites\/13\/2022\/03\/Green-events-slider1.jpg","contentUrl":"https:\/\/haus.oekozenter.lu\/wp-content\/uploads\/sites\/13\/2022\/03\/Green-events-slider1.jpg","width":950,"height":346},{"@type":"BreadcrumbList","@id":"https:\/\/haus.oekozenter.lu\/events-und-tourismus\/#breadcrumb","itemListElement":[{"@type":"ListItem","position":1,"name":"Home","item":"https:\/\/haus.oekozenter.lu\/fr\/"},{"@type":"ListItem","position":2,"name":"\u00c9v\u00e9nements et tourisme"}]},{"@type":"WebSite","@id":"https:\/\/haus.oekozenter.lu\/#website","url":"https:\/\/haus.oekozenter.lu\/","name":"Haus","description":"Un site utilisant Mouvement \u00e9cologique Global","potentialAction":[{"@type":"SearchAction","target":{"@type":"EntryPoint","urlTemplate":"https:\/\/haus.oekozenter.lu\/?s={search_term_string}"},"query-input":{"@type":"PropertyValueSpecification","valueRequired":true,"valueName":"search_term_string"}}],"inLanguage":"fr-FR"}]}},"_links":{"self":[{"href":"https:\/\/haus.oekozenter.lu\/fr\/wp-json\/wp\/v2\/pages\/3876","targetHints":{"allow":["GET"]}}],"collection":[{"href":"https:\/\/haus.oekozenter.lu\/fr\/wp-json\/wp\/v2\/pages"}],"about":[{"href":"https:\/\/haus.oekozenter.lu\/fr\/wp-json\/wp\/v2\/types\/page"}],"author":[{"embeddable":true,"href":"https:\/\/haus.oekozenter.lu\/fr\/wp-json\/wp\/v2\/users\/1"}],"replies":[{"embeddable":true,"href":"https:\/\/haus.oekozenter.lu\/fr\/wp-json\/wp\/v2\/comments?post=3876"}],"version-history":[{"count":4,"href":"https:\/\/haus.oekozenter.lu\/fr\/wp-json\/wp\/v2\/pages\/3876\/revisions"}],"predecessor-version":[{"id":6912,"href":"https:\/\/haus.oekozenter.lu\/fr\/wp-json\/wp\/v2\/pages\/3876\/revisions\/6912"}],"wp:featuredmedia":[{"embeddable":true,"href":"https:\/\/haus.oekozenter.lu\/fr\/wp-json\/wp\/v2\/media\/5393"}],"wp:attachment":[{"href":"https:\/\/haus.oekozenter.lu\/fr\/wp-json\/wp\/v2\/media?parent=3876"}],"curies":[{"name":"wp","href":"https:\/\/api.w.org\/{rel}","templated":true}]}}

Événements et tourisme

<div class="pf-content"><p><strong>À partir du 1er janvier 2026, l’Oekozenter Pafendall n’est plus responsable des projets Green Events, Green Business Events et EcoLabel.</strong></p>
<p><strong>Vous trouverez ci-dessous les nouveaux contacts selon les projets concernés :</strong></p>
<p>&nbsp;</p>
<p><span style="color: #3a910f"><strong>Green Events</strong></span></p>
<p>La gestion du projet est désormais assurée par l’Ëmweltberodung Lëtzebuerg et la SuperDrecksKëscht.</p>
<p>Pour toute nouvelle demande ou le suivi de votre dossier, veuillez contacter :</p>
<p>SuperDrecksKëscht (SDK)</p>
<ul>
<li>Romaine Stracks : <a href="mailto:romaine.stracks@sdk.lu" target="_blank" rel="noopener">romaine.stracks@sdk.lu</a></li>
<li>Christophe Albrecht : <a href="mailto:christophe.albrecht@sdk.lu" target="_blank" rel="noopener">christophe.albrecht@sdk.lu</a></li>
</ul>
<p>Ëmweltberodung Lëtzebuerg (EBL)</p>
<ul>
<li><a href="mailto:info@ebl.lu" target="_blank" rel="noopener">info@ebl.lu</a></li>
</ul>
<p>&nbsp;</p>
<p><span style="color: #3a910f"><strong>Green Business Events &amp; EcoLabel Luxembourg</strong></span></p>
<p>La coordination de ces projets est désormais assurée par IMS Luxembourg.</p>
<p>Green Business Events</p>
<ul>
<li>Yannick Kieffer : <a href="mailto:yannick.kieffer@imslux.lu" target="_blank" rel="noopener">yannick.kieffer@imslux.lu</a></li>
</ul>
<p>EcoLabel Luxembourg</p>
<ul>
<li>Lisa Lorang : <a href="mailto:lisa.lorang@imslux.lu" target="_blank" rel="noopener">lisa.lorang@imslux.lu</a></li>
</ul>
<p><strong> </strong></p>
<p>Nous vous remercions pour votre engagement ainsi que pour l’excellente collaboration de ces dernières années.</p>
</div>

<p>À partir du 1er janvier 2026, l’Oekozenter Pafendall n’est plus responsable des projets Green Events, Green Business Events et EcoLabel. Vous trouverez ci-dessous les nouveaux contacts selon les projets concernés : &nbsp; Green Events La gestion du projet est désormais assurée par l’Ëmweltberodung Lëtzebuerg et la SuperDrecksKëscht. Pour toute nouvelle demande ou le suivi de [&hellip;]</p>

<!-- This site is optimized with the Yoast SEO plugin v27.2 - https://yoast.com/product/yoast-seo-wordpress/ -->
<title>Nos projets dans le secteur de l&#039;événementiel et du tourisme</title>
<meta name="description" content="L’écoresponsabilité prend davantage d&#039;importance dans le domaine de l&#039;événementiel et du tourisme." />
<meta name="robots" content="index, follow, max-snippet:-1, max-image-preview:large, max-video-preview:-1" />
<link rel="canonical" href="https://haus.oekozenter.lu/events-und-tourismus/" />
<meta property="og:locale" content="fr_FR" />
<meta property="og:type" content="article" />
<meta property="og:title" content="Nos projets dans le secteur de l&#039;événementiel et du tourisme" />
<meta property="og:description" content="L’écoresponsabilité prend davantage d&#039;importance dans le domaine de l&#039;événementiel et du tourisme." />
<meta property="og:url" content="https://haus.oekozenter.lu/events-und-tourismus/" />
<meta property="og:site_name" content="Haus" />
<meta property="article:modified_time" content="2026-02-24T13:25:59+00:00" />
<meta property="og:image" content="https://haus.oekozenter.lu/wp-content/uploads/sites/13/2022/03/Green-events-slider1.jpg" />
	<meta property="og:image:width" content="950" />
	<meta property="og:image:height" content="346" />
	<meta property="og:image:type" content="image/jpeg" />
<meta name="twitter:card" content="summary_large_image" />
<meta name="twitter:label1" content="Durée de lecture estimée" />
	<meta name="twitter:data1" content="1 minute" />
<script type="application/ld+json" class="yoast-schema-graph">{"@context":"https://schema.org","@graph":[{"@type":"WebPage","@id":"https://haus.oekozenter.lu/events-und-tourismus/","url":"https://haus.oekozenter.lu/events-und-tourismus/","name":"Nos projets dans le secteur de l'événementiel et du tourisme","isPartOf":{"@id":"https://haus.oekozenter.lu/#website"},"primaryImageOfPage":{"@id":"https://haus.oekozenter.lu/events-und-tourismus/#primaryimage"},"image":{"@id":"https://haus.oekozenter.lu/events-und-tourismus/#primaryimage"},"thumbnailUrl":"https://haus.oekozenter.lu/wp-content/uploads/sites/13/2022/03/Green-events-slider1.jpg","datePublished":"2014-11-20T15:35:04+00:00","dateModified":"2026-02-24T13:25:59+00:00","description":"L’écoresponsabilité prend davantage d'importance dans le domaine de l'événementiel et du tourisme.","breadcrumb":{"@id":"https://haus.oekozenter.lu/events-und-tourismus/#breadcrumb"},"inLanguage":"fr-FR","potentialAction":[{"@type":"ReadAction","target":["https://haus.oekozenter.lu/events-und-tourismus/"]}]},{"@type":"ImageObject","inLanguage":"fr-FR","@id":"https://haus.oekozenter.lu/events-und-tourismus/#primaryimage","url":"https://haus.oekozenter.lu/wp-content/uploads/sites/13/2022/03/Green-events-slider1.jpg","contentUrl":"https://haus.oekozenter.lu/wp-content/uploads/sites/13/2022/03/Green-events-slider1.jpg","width":950,"height":346},{"@type":"BreadcrumbList","@id":"https://haus.oekozenter.lu/events-und-tourismus/#breadcrumb","itemListElement":[{"@type":"ListItem","position":1,"name":"Home","item":"https://haus.oekozenter.lu/fr/"},{"@type":"ListItem","position":2,"name":"Événements et tourisme"}]},{"@type":"WebSite","@id":"https://haus.oekozenter.lu/#website","url":"https://haus.oekozenter.lu/","name":"Haus","description":"Un site utilisant Mouvement écologique Global","potentialAction":[{"@type":"SearchAction","target":{"@type":"EntryPoint","urlTemplate":"https://haus.oekozenter.lu/?s={search_term_string}"},"query-input":{"@type":"PropertyValueSpecification","valueRequired":true,"valueName":"search_term_string"}}],"inLanguage":"fr-FR"}]}</script>
<!-- / Yoast SEO plugin. -->

Nos projets dans le secteur de l'événementiel et du tourisme

L’écoresponsabilité prend davantage d'importance dans le domaine de l'événementiel et du tourisme.

Un site utilisant Mouvement écologique Global
