{"version":"1.0","provider_name":"Haus","provider_url":"https:\/\/haus.oekozenter.lu\/fr\/","author_name":"websupport","author_url":"https:\/\/haus.oekozenter.lu\/fr\/author\/websupport\/","title":"Textilien und nachhaltige Kleidung \u2013 was man wissen sollte? - Haus","type":"rich","width":600,"height":338,"html":"<blockquote class=\"wp-embedded-content\" data-secret=\"PIvLMPbMom\"><a href=\"https:\/\/haus.oekozenter.lu\/fr\/projets\/textilien-und-nachhaltige-kleidung-was-man-wissen-sollte\/\">Textilien und nachhaltige Kleidung \u2013 was man wissen sollte?<\/a><\/blockquote><iframe sandbox=\"allow-scripts\" security=\"restricted\" src=\"https:\/\/haus.oekozenter.lu\/fr\/projets\/textilien-und-nachhaltige-kleidung-was-man-wissen-sollte\/embed\/#?secret=PIvLMPbMom\" width=\"600\" height=\"338\" title=\"\u00ab\u00a0Textilien und nachhaltige Kleidung \u2013 was man wissen sollte?\u00a0\u00bb &#8212; Haus\" data-secret=\"PIvLMPbMom\" frameborder=\"0\" marginwidth=\"0\" marginheight=\"0\" scrolling=\"no\" class=\"wp-embedded-content\"><\/iframe><script type=\"text\/javascript\">\n\/* <![CDATA[ *\/\n\/*! This file is auto-generated *\/\n!function(d,l){\"use strict\";l.querySelector&&d.addEventListener&&\"undefined\"!=typeof URL&&(d.wp=d.wp||{},d.wp.receiveEmbedMessage||(d.wp.receiveEmbedMessage=function(e){var t=e.data;if((t||t.secret||t.message||t.value)&&!\/[^a-zA-Z0-9]\/.test(t.secret)){for(var s,r,n,a=l.querySelectorAll('iframe[data-secret=\"'+t.secret+'\"]'),o=l.querySelectorAll('blockquote[data-secret=\"'+t.secret+'\"]'),c=new RegExp(\"^https?:$\",\"i\"),i=0;i<o.length;i++)o[i].style.display=\"none\";for(i=0;i<a.length;i++)s=a[i],e.source===s.contentWindow&&(s.removeAttribute(\"style\"),\"height\"===t.message?(1e3<(r=parseInt(t.value,10))?r=1e3:~~r<200&&(r=200),s.height=r):\"link\"===t.message&&(r=new URL(s.getAttribute(\"src\")),n=new URL(t.value),c.test(n.protocol))&&n.host===r.host&&l.activeElement===s&&(d.top.location.href=t.value))}},d.addEventListener(\"message\",d.wp.receiveEmbedMessage,!1),l.addEventListener(\"DOMContentLoaded\",function(){for(var e,t,s=l.querySelectorAll(\"iframe.wp-embedded-content\"),r=0;r<s.length;r++)(t=(e=s[r]).getAttribute(\"data-secret\"))||(t=Math.random().toString(36).substring(2,12),e.src+=\"#?secret=\"+t,e.setAttribute(\"data-secret\",t)),e.contentWindow.postMessage({message:\"ready\",secret:t},\"*\")},!1)))}(window,document);\n\/\/# sourceURL=https:\/\/haus.oekozenter.lu\/wp-includes\/js\/wp-embed.min.js\n\/* ]]> *\/\n<\/script>\n","thumbnail_url":"https:\/\/haus.oekozenter.lu\/wp-content\/uploads\/sites\/13\/2014\/06\/Kleiderausstellung_OF.jpg","thumbnail_width":1024,"thumbnail_height":768,"description":"Kleidung &#8211; wir tragen sie aus den verschiedensten Gr\u00fcnden: zum Schutz (vor Hitze, K\u00e4lte, Gefahren), aus Funktionalit\u00e4t (f\u00fcr den Beruf oder als Hilfsmittel), aus Tradition, um einem Image gerecht zu werden und grunds\u00e4tzlich um unsere Individualit\u00e4t gegen\u00fcber unseren Mitmenschen darzustellen. Diesen \u201eKleiderwahn\u201c lassen wir uns einiges kosten: 2013 gaben die Europ\u00e4er \u00a0483,9 \u20ac Milliarden f\u00fcr [&hellip;]"}

Kleidung &#8211; wir tragen sie aus den verschiedensten Gründen: zum Schutz (vor Hitze, Kälte, Gefahren), aus Funktionalität (für den Beruf oder als Hilfsmittel), aus Tradition, um einem Image gerecht zu werden und grundsätzlich um unsere Individualität gegenüber unseren Mitmenschen darzustellen. Diesen „Kleiderwahn“ lassen wir uns einiges kosten: 2013 gaben die Europäer  483,9 € Milliarden für [&hellip;]
